07258761 prime?
True
Is 631159337 composite?
True
Is 1278288149 a composite number?
False
Is 3357979 prime?
True
Is 4220423299 prime?
True
Is 32746885777 composite?
False
Is 1338369587 composite?
True
Is 95609783 composite?
True
Is 38870472493 composite?
True
Is 9358308083 a prime number?
False
Is 27187255649 a prime number?
False
Is 289750267 composite?
True
Is 5293160671 prime?
True
Is 57307941373 a composite number?
False
Is 637198561 a composite number?
True
Is 46885421809 prime?
True
Is 454085627 composite?
False
Is 84949673 a composite number?
True
Is 17671159807 prime?
False
Is 1809735283 prime?
True
Is 2485185643 prime?
True
Is 2462478127 a composite number?
False
Is 1645704173 a prime number?
True
Is 9956409581 composite?
True
Is 29752088827 prime?
True
Is 512112463 prime?
True
Is 15079487833 composite?
False
Is 75984401767 prime?
True
Is 62621507661 a composite number?
True
Is 1401219539 composite?
True
Is 3517214231 prime?
False
Is 406063247 composite?
False
Is 181563869 composite?
True
Is 1754151823 composite?
True
Is 2049135551 a composite number?
False
Is 13185701259 composite?
True
Is 1909754153 a prime number?
True
Is 147906693413 prime?
True
Is 110977543 prime?
True
Is 8082604753 a prime number?
True
Is 848105974 prime?
False
Is 7976037469 a composite number?
True
Is 26252307551 a prime number?
True
Is 268601837 a prime number?
False
Is 41729103491 a prime number?
False
Is 1214287603 a prime number?
True
Is 14805670853 a prime number?
True
Is 12323212823 composite?
True
Is 3084889435 a prime number?
False
Is 38566032749 a composite number?
False
Is 861143663 a prime number?
False
Is 329662393 prime?
True
Is 1120550549 a composite number?
True
Is 8138163941 prime?
True
Is 1142887877 a prime number?
True
Is 462722861 composite?
False
Is 183081715 a composite number?
True
Is 56880924361 prime?
True
Is 59525890469 prime?
True
Is 48176063 composite?
True
Is 15089762929 prime?
True
Is 6417503 a composite number?
True
Is 725288563 prime?
True
Is 68681745787 prime?
True
Is 11018954483 composite?
False
Is 38987988041 prime?
True
Is 1052860483 prime?
True
Is 261888259 composite?
False
Is 3109368209 a prime number?
False
Is 476948077 composite?
False
Is 23918379553 a prime number?
True
Is 23557467971 a prime number?
False
Is 7814663081 a prime number?
True
Is 4971882161 composite?
False
Is 1157375663 a prime number?
False
Is 24377294983 prime?
False
Is 41784802331 a prime number?
False
Is 63925769 a prime number?
True
Is 2332527649 prime?
False
Is 1678121149 composite?
False
Is 72546880391 composite?
False
Is 95272864273 composite?
True
Is 38252306143 composite?
False
Is 440106007 a composite number?
True
Is 431961841 prime?
False
Is 3011905067 prime?
True
Is 11487655789 prime?
False
Is 26376539837 a prime number?
True
Is 75591744727 a composite number?
True
Is 1376943899 composite?
True
Is 1073851651 a composite number?
False
Is 22554228379 a composite number?
False
Is 6460891 composite?
False
Is 3759257731 a composite number?
False
Is 10121292505 prime?
False
Is 24262188827 a composite number?
True
Is 123808169 a prime number?
True
Is 66650865245 composite?
True
Is 1285576087 a prime number?
True
Is 418334458 composite?
True
Is 28617054787 prime?
True
Is 17651342857 a composite number?
True
Is 86403817 a composite number?
True
Is 16422449 prime?
False
Is 9053119519 composite?
True
Is 73507589 a composite number?
False
Is 937654433 composite?
True
Is 1593687619 composite?
True
Is 8307476027 a composite number?
False
Is 471001171 a composite number?
False
Is 511933973 a prime number?
False
Is 455302537 prime?
True
Is 2765063789 a prime number?
True
Is 5076040811 composite?
True
Is 671624327 a composite number?
True
Is 1263391502 a prime number?
False
Is 536070553 a composite number?
True
Is 393391384999 composite?
True
Is 9803080139 a composite number?
True
Is 6517498021 a prime number?
True
Is 49921028907 a prime number?
False
Is 35601803 composite?
False
Is 496723603 composite?
False
Is 6552515369 composite?
False
Is 861508331 prime?
True
Is 469110013 composite?
True
Is 49950137 prime?
False
Is 7157654753 a prime number?
True
Is 36719339179 composite?
True
Is 1152665021 a composite number?
True
Is 1615967495 a composite number?
True
Is 3137692133 a prime number?
False
Is 461092157 a prime number?
True
Is 8134076593 prime?
True
Is 110785357 a prime number?
True
Is 137812709 a prime number?
True
Is 5125608751 prime?
True
Is 535198771 a prime number?
True
Is 25272317179 a composite number?
False
Is 1366981823 a composite number?
False
Is 16237470833 a prime number?
True
Is 98889317 a prime number?
True
Is 4386399233 prime?
False
Is 1324284941 a prime number?
False
Is 5380707121 composite?
True
Is 33848098379 composite?
True
Is 629346349 prime?
False
Is 13033209947 composite?
True
Is 1748429843 composite?
False
Is 57160801 prime?
True
Is 20513636777 a composite number?
False
Is 7155591419 a composite number?
False
Is 84020815787 prime?
False
Is 990146683 a prime number?
False
Is 695810939 prime?
True
Is 165393439149 a composite number?
True
Is 7776908201 a prime number?
False
Is 910056821 prime?
False
Is 103133941 prime?
True
Is 45282412033 composite?
False
Is 230924471 a composite number?
True
Is 13975394819 prime?
True
Is 615113573 a prime number?
True
Is 390720493 a composite number?
True
Is 121155109 a prime number?
True
Is 340339577 prime?
True
Is 18353658517 a composite number?
False
Is 8940143911 prime?
True
Is 2905964699 a prime number?
False
Is 2440745839 a prime number?
False
Is 44670666613 prime?
True
Is 43843277333 a prime number?
True
Is 1628335223 composite?
True
Is 1116935759 composite?
False
Is 612865811 a composite number?
False
Is 700786777 composite?
False
Is 53267074031 composite?
True
Is 2054124379 a prime number?
False
Is 1565797889 composite?
False
Is 8188234567 a composite number?
False
Is 3301240597 composite?
True
Is 551675981 prime?
True
Is 1385532983 a prime number?
True
Is 3921212947 prime?
True
Is 392608637 prime?
False
Is 727612247 a composite number?
False
Is 94968091 a composite number?
False
Is 630165193 a prime number?
False
Is 42092207357 a prime number?
False
Is 33271199597 a prime number?
False
Is 5334772139 composite?
True
Is 655638917 prime?
False
Is 40996727 composite?
True
Is 55132255547 composite?
True
Is 4592256943 a prime number?
False
Is 36003358271 prime?
True
Is 54364231798 a composite number?
True
Is 299796067 a composite number?
True
Is 1706275721 prime?
False
Is 3185934211 a composite number?
False
Is 470740451 a composite number?
False
Is 118405552009 prime?
True
Is 3551388429 a prime number?
False
Is 1056607099 prime?
False
Is 34194601223 a prime number?
False
Is 159141531173 prime?
True
Is 9958689277 a composite number?
True
Is 19778783561 composite?
False
Is 243184619 composite?
False
Is 6220763621 composite?
False
Is 341387581 a prime number?
True
Is 13908793 a prime number?
False
Is 20387503 a composite number?
False
Is 5787530263 prime?
True
Is 1730330213 prime?
True
Is 13839917291 composite?
False
Is 108521940613 a prime number?
True
Is 10494023467 a composite number?
False
Is 190551187 a prime number?
False
Is 63361652987 composite?
False
Is 3722035997 a composite number?
False
Is 16256494781 composite?
True
Is 57550416523 prime?
False
Is 3094514617 a composite number?
False
Is 715202531 prime?
False
Is 53647202645 composite?
True
Is 755763977 composite?
False
Is 649239587 composite?
True
Is 470394643 prime?
False
Is 125581961147 a composite number?
False
Is 380027783 a prime number?
False
Is 9058871531 prime?
True
Is 9635077091 composite?
False
Is 12750942233 composite?
False
Is 40416394531 composite?
False
Is 584022917 composite?
True
Is 6632357561 a prime number?
True
Is 845335069 prime?
False
Is 7955702759 composite?
False
Is 71770637 a composite number?
True
Is 9630239429 prime?
True
Is 117967650161 prime?
False
Is 65457157301 prime?
True
Is 13993296589 a composite number?
True
Is 455698181 composite?
False
Is 7535874341 a prime number?
False
Is 4487097673 prime?
False
Is 103298859427 a prime number?
True
Is 15826037459 a composite number?
True
Is 409409023 prime?
True
Is 156055872767 a composite number?
True
Is 4901005189 prime?
True
Is 4163840111 prime?
True
Is 2262715